 when g(8) is divided by 20?
16
Let f be -2 - ((-2)/(-1))/(-2). Let t(b) = -2*b**2 + 3 - 5 + 6 - 111*b**3 - 7 + 1 - 3*b. What is the remainder when t(f) is divided by 28?
26
Suppose 5*c = -a - 7, 1 = -4*a - 4*c + 53. Calculate the remainder when 2983 is divided by a.
13
Suppose 6*h + 26*h = -2048. Let o be 154/(-3)*(-15)/10. Let w = h + o. What is the remainder when w is divided by 5?
3
Let x = 3 - -9. What is the remainder when 237/(-1422) - (-2834)/12 is divided by x?
8
Let v(o) = -14*o + 6*o - 4*o - 7*o - 10. Let n be v(-3). Suppose w - 7 = n. Calculate the remainder when w is divided by 19.
16
Let p = -78 - -68. Let v be (-2758)/(-35) - 12/p. Suppose -10*q = -8*q - v. What is the remainder when 154 is divided by q?
34
Suppose 0 = -4*n + 3*n + 27. Let w(a) = a**2 - 50 + 7*a + 9*a - 3*a + 17. What is the remainder when w(7) is divided by n?
26
Let p(q) = -6*q - 7. Let g(c) = -c**3 + 7*c**2 - 7*c - 3. Let w be g(6). Calculate the remainder when p(w) is divided by 2 + (2 - 3) - (-3 - -4)*-24.
22
Let q(i) = -4*i - 26. Let n be q(-7). Suppose -2*s = -0*k - n*k + 2, 2*k = -4*s - 16. Calculate the remainder when 85 is divided by 1/((-4)/(-56)) + s.
8
Calculate the remainder when (-7)/(-3)*(-34)/(374/(-1947)) is divided by 217.
196
Suppose -28*g - 210 = -34*g. Suppose 2*j + 0*j - 10 = 0. Suppose -2*z + 270 = 2*o, 0*z + j*o + 421 = 3*z. Calculate the remainder when z is divided by g.
32
Let o = 16624 + -16464. Calculate the remainder when 379 is divided by o.
59
Suppose -125 = 50*a - 55*a. Let i = a + 142. Calculate the remainder when i is divided by 6.
5
Let t = -2 - 1. Let a(k) = -k**3 - 32*k**2 + 13*k + 392. Let o be a(-32). Let w = t - o. Calculate the remainder when 104 is divided by w.
20
Let c(t) = 7*t - 10. Let p(b) = 111*b - 159. Let d(w) = -33*c(w) + 2*p(w). Calculate the remainder when (2/(-4))/(1/(-226)) is divided by d(-3).
35
Suppose 0 = -5*m + 9 - 19. Let z(s) = -4*s**3 - s**2 - 2*s + 1. What is the remainder when 126 is divided by z(m)?
27
Let c(j) = j**3 - 2*j - 5. Let o(r) = -4*r**3 - r**2 + 8*r + 19. Let u(q) = 9*c(q) + 2*o(q). What is the remainder when u(4) is divided by (-10)/(-4)*(2 - -2)?
7
Suppose 249*p - 240*p - 1170 = 0. Calculate the remainder when p is divided by 35.
25
Suppose p + 2*v = -3*p + 364, p + 2*v = 91. Suppose -236 = -5*c - p. What is the remainder when 84 is divided by c?
26
Let t = -105 + 266. What is the remainder when 664 is divided by t?
20
Suppose 19*a = 20*a - 165. Suppose -14*o = -3*o - a. Suppose 0 = -o*w + 17*w - 12. Calculate the remainder when 64 is divided by w.
4
Suppose 7*t - 27 + 16 = 52. What is the remainder when 1130 is divided by t?
5
Let m(t) = -t**3 - 5*t**2 - 4*t - 1. What is the remainder when m(-6) is divided by (-18)/1*(-120)/80*2/6?
5
Let g(r) = 18*r**3 + 2*r - 2. Suppose 0 = -13*k + 15*k. What is the remainder when (10 + -11)*(k - 34) is divided by g(1)?
16
Let y = -219 + 232. Suppose y = 9*t - 149. What is the remainder when 88 is divided by t?
16
Let w(s) = 5*s**3 - 8*s**2 + 101*s + 53. Calculate the remainder when w(9) is divided by 66.
65
Suppose 0 = -29*h + 77*h - 2256. Calculate the remainder when 215 is divided by h.
27
Let h(j) = -j**2 + 15*j + 72. What is the remainder when 934 is divided by h(15)?
70
Let u = -3679 + 3890. Calculate the remainder when u is divided by 99.
13
Let p = -9 + 29. Suppose n - 7 = s, -116 = -6*n - 2*n - 4*s. What is the remainder when p is divided by n?
8
Suppose -730 = 6*h - 16*h. Let t = 53 + -38. Calculate the remainder when h is divided by (-2)/4*0 + t.
13
Let n = 50 + -28. What is the remainder when 4902/14 - (-1062)/1239 is divided by n?
21
Let f be -70*(-4 + (-168)/(-16)). Let a = 475 + f. Suppose -2*l = -3*j + l + 366, 0 = -j - 4*l + 97. What is the remainder when j is divided by a?
17
Suppose 537*h - 525 = 512*h. What is the remainder when h is divided by 19?
2
Let x = 17000 - 16641. What is the remainder when x is divided by 85?
19
Let j = 650 + -579. What is the remainder when 1351 is divided by j?
2
Let q = 48 - 45. Suppose 0 = -w - m + 1, -4*w + 0*m - 1 = q*m. What is the remainder when 12/((-17)/w + -4) is divided by 13?
9
Let n be 2/(-9)*(-135)/(-30). What is the remainder when ((-10)/(-75))/n - 18976/(-120) is divided by 23?
20
Let h = -8166 - -8535. Calculate the remainder when h is divided by 106.
51
Suppose -92 = -6*u + 4*u. Suppose -5*l - 236 = -u. What is the remainder when 53 is divided by (l + -1)/(-3) + 1?
11
Let a(z) = 48*z**3 + z. What is the remainder when 2986 is divided by a(1)?
46
Let v(g) = g**3 - 27*g**2 + 125*g - 208. Calculate the remainder when 499 is divided by v(22).
11
Let k(v) = -6*v**3 + 14*v**2 - 2*v + 9. Calculate the remainder when 823 is divided by k(2).
4
Suppose 31*p - 33*p = -b - 17, -4*b = 20. What is the remainder when 1925 is divided by p?
5
Let f(c) = c**3 - 17*c**2 + 5*c - 14. Let d be f(17). Suppose 5*v = -a + d, a + 2*v - v = 55. Let y = a + -17. Calculate the remainder when 66 is divided by y.
32
Let n(a) = -109*a + 2192. What is the remainder when 1927 is divided by n(19)?
112
Let w = 179 + -133. Let v = w + -9. Calculate the remainder when v is divided by -4 + ((-368)/4)/(-4).
18
Suppose 5*s = a - 19, 5*a + 5*s = 2*a - 43. Calculate the remainder when 4 + (-52)/8 - 357/a is divided by 13.
5
Let y(p) = 11*p + 95. Let o = 155 - 73. What is the remainder when o is divided by y(-7)?
10
Suppose 86*a - 7430 + 1754 = 0. What is the remainder when a is divided by 24?
18
Suppose 22 = s - 2*y + 4, -5*y = -3*s + 56. Suppose -r = 4*r + 30. What is the remainder when s is divided by -18*-3*r/(-27)?
10
Suppose -461*a + 38829 = 1027. Calculate the remainder when 375 is divided by a.
47
Suppose 0 = 2*f + 3*f + l - 85, -2*l = 0. Let m(x) = 7*x - 6*x**2 + 5*x**2 + 14*x + 4 + 9. Calculate the remainder when m(f) is divided by 21.
18
Suppose -12 - 16 = -4*p. Let k(h) = p*h - 2*h - 3*h - 16. What is the remainder when 17 is divided by k(11)?
5
Let s be (72/(-45)*3)/(2/(-30)). Suppose -111*f = -112*f + s. What is the remainder when 135 is divided by f?
63
Suppose -43*u = -38*u. Suppose -5*w + 110 = h, 11*w - 10*w - 4*h - 22 = u. Calculate the remainder when 100 is divided by w.
12
Calculate the remainder when -1947*((-125)/75 + 1) is divided by 259.
3
Let n = -18568 + 18586. Suppose 2*u - 53 - 36 = 3*t, 4*u + 3*t - 223 = 0. Calculate the remainder when u is divided by n.
16
Suppose 15*s - 58 = 347. Calculate the remainder when (-13)/2*(s + -49) is divided by 24.
23
Let h(n) be the third derivative of -n**4/6 - n**3 + 109*n**2 + 2*n. Suppose 2*u = -13 + 3. What is the remainder when 26 is divided by h(u)?
12
Suppose -71*c - 262 = 456 - 20456. Calculate the remainder when 837 is divided by c.
3
Suppose -10 + 110 = 5*m. Let q(s) = 4*s**3 + 3*s**2 - 2. Let f be q(-1). What is the remainder when (f - -1 - -75) + 4 is divided by m?
17
Let f(o) = -3*o**2 - 2*o + 2. Let a be f(2). Suppose 0*s + s + 3*w - 75 = 0, 3*s - 221 = -5*w. Let g = a + s. Calculate the remainder when g is divided by 21.
16
Let q be ((-16)/10)/(68/1020). Calculate the remainder when (q/(-16))/(6/40) is divided by 4.
2
Suppose -2*w = -9*w + 2933. Suppose 9*u - 4*u = -3*h + w, 3*h = -4*u + 337. Calculate the remainder when u is divided by 18.
10
Let s(l) = 16*l + 32. Let i(a) = -a + 1. Let w(y) = 6*i(y) - 2*s(y). What is the remainder when w(-4) is divided by 26?
16
Let l be (1 - (-202)/(-6))*-3. Let m = 162 - l. Suppose -27*f = 2*f - 12*f - 289. What is the remainder when m is divided by f?
13
Suppose -72*c + 498 = -1014. What is the remainder when 4904 is divided by c?
11
What is the remainder when (((-42)/63)/(20/24))/(2/(-325)) is divided by 22?
20
Let d be (-515)/(3*3/9). Let y = d + 526. What is the remainder when 38 is divided by y?
5
Let k be (-33)/(-7) - (-8)/28. Let s(h) = 8*h**2 - 5*h - 5. Let u = -17532 + 17575. What is the remainder when s(k) is divided by u?
41
Let n be 13/(-11) - (-2)/11. Let w be n - 0 - (-4)/1. What is the remainder when ((-2)/w)/(5/(-255)) is divided by 5?
4
Let p = -203 + 201. What is the remainder when (180/63)/(p/(-98)) is divided by 38?
26
Let u(h) = 4*h**2 + 23*h + 151. What is the remainder when u(-11) is divided by 122?
16
Let f(y) = -y**2 - 277*y - 1878. What is the remainder when 2675 is divided by f(-7)